{"version":"1.0","provider_name":"Office for Strategic Spaces","provider_url":"https:\/\/www.o-s-s.org\/es\/","title":"Seleccionados para la 15.Biennale di Venezia - Office for Strategic Spaces","type":"rich","width":600,"height":338,"html":"<blockquote class=\"wp-embedded-content\" data-secret=\"60bZvFYNiB\"><a href=\"https:\/\/www.o-s-s.org\/es\/en-la-15-biennale-di-venezia\/\">Seleccionados para la 15.Biennale di Venezia<\/a><\/blockquote><iframe sandbox=\"allow-scripts\" security=\"restricted\" src=\"https:\/\/www.o-s-s.org\/es\/en-la-15-biennale-di-venezia\/embed\/#?secret=60bZvFYNiB\" width=\"600\" height=\"338\" title=\"\u00abSeleccionados para la 15.Biennale di Venezia\u00bb \u2014 Office for Strategic Spaces\" data-secret=\"60bZvFYNiB\" frameborder=\"0\" marginwidth=\"0\" marginheight=\"0\" scrolling=\"no\" class=\"wp-embedded-content\"><\/iframe><script type=\"text\/javascript\">\n\/* <![CDATA[ *\/\n\/*! This file is auto-generated *\/\n!function(d,l){\"use strict\";l.querySelector&&d.addEventListener&&\"undefined\"!=typeof URL&&(d.wp=d.wp||{},d.wp.receiveEmbedMessage||(d.wp.receiveEmbedMessage=function(e){var t=e.data;if((t||t.secret||t.message||t.value)&&!\/[^a-zA-Z0-9]\/.test(t.secret)){for(var s,r,n,a=l.querySelectorAll('iframe[data-secret=\"'+t.secret+'\"]'),o=l.querySelectorAll('blockquote[data-secret=\"'+t.secret+'\"]'),c=new RegExp(\"^https?:$\",\"i\"),i=0;i<o.length;i++)o[i].style.display=\"none\";for(i=0;i<a.length;i++)s=a[i],e.source===s.contentWindow&&(s.removeAttribute(\"style\"),\"height\"===t.message?(1e3<(r=parseInt(t.value,10))?r=1e3:~~r<200&&(r=200),s.height=r):\"link\"===t.message&&(r=new URL(s.getAttribute(\"src\")),n=new URL(t.value),c.test(n.protocol))&&n.host===r.host&&l.activeElement===s&&(d.top.location.href=t.value))}},d.addEventListener(\"message\",d.wp.receiveEmbedMessage,!1),l.addEventListener(\"DOMContentLoaded\",function(){for(var e,t,s=l.querySelectorAll(\"iframe.wp-embedded-content\"),r=0;r<s.length;r++)(t=(e=s[r]).getAttribute(\"data-secret\"))||(t=Math.random().toString(36).substring(2,12),e.src+=\"#?secret=\"+t,e.setAttribute(\"data-secret\",t)),e.contentWindow.postMessage({message:\"ready\",secret:t},\"*\")},!1)))}(window,document);\n\/\/# sourceURL=https:\/\/www.o-s-s.org\/wp-includes\/js\/wp-embed.min.js\n\/* ]]> *\/\n<\/script>\n","thumbnail_url":"https:\/\/www.o-s-s.org\/wp-content\/uploads\/2016\/04\/Press-image-01-B-01.jpg","thumbnail_width":1752,"thumbnail_height":1168,"description":"Factor\u00eda Cultural en el Matadero Madrid, realizada por \u00c1ngel Borrego Cubero \/Office for Strategic Spaces, ha sido seleccionada para formar parte del Pabell\u00f3n Espa\u00f1ol de la 15 Biennale di Venezia &#8211; Arquitectura (28 mayo &#8211; 27 noviembre 2016). El pabell\u00f3n, comisariado en esta edici\u00f3n por Inaqui Carnicero y Carlos Quintans, se titula \u00abUnfinished\u00bb y va [&hellip;]"}

Factoría Cultural en el Matadero Madrid, realizada por Ángel Borrego Cubero /Office for Strategic Spaces, ha sido seleccionada para formar parte del Pabellón Español de la 15 Biennale di Venezia &#8211; Arquitectura (28 mayo &#8211; 27 noviembre 2016). El pabellón, comisariado en esta edición por Inaqui Carnicero y Carlos Quintans, se titula «Unfinished» y va [&hellip;]
